 401 + -396. Suppose -469 - 1426 = -f*q. List the prime factors of q.
379
Suppose -4*g = -28 + 8, 3*g = 4*d + 11. Let s(i) = 462*i**3 - 2*i + 1. What are the prime factors of s(d)?
461
Let p(i) = -41*i - 4 - 39*i + 80*i + 3*i**2. Let l be ((-12)/(-8))/((-2)/(-12)). What are the prime factors of p(l)?
239
Suppose 0 = -3*t - o + 2 + 11, 0 = -5*t - 5*o + 25. Suppose -4*d - 4648 = -4*p + 440, -t*d + 2514 = 2*p. Suppose 0 = 8*i - i - p. List the prime factors of i.
181
Let k(h) = 3864*h**2 + 10*h - 2. List the prime factors of k(-2).
2, 7717
Let f be (-268752)/(-9) + 3 + (-6)/(-9). Suppose -183*b = -198*b + f. List the prime factors of b.
11, 181
Let p = 296 + -303. List the prime factors of (-6 + 10 + p)*-447.
3, 149
Suppose -3*s + 0*s = 0. Suppose -1144 = -2*z - 5*r, -4*z - 5*r + 3*r + 2256 = s. Suppose 5*l + 177 = z. What are the prime factors of l?
7, 11
Let g(m) = 39*m - 61. Let n be g(11). Let s = n - 245. What are the prime factors of s?
3, 41
Let w(i) = -592*i + 3129. What are the prime factors of w(-9)?
3, 2819
Let z(n) = -13*n**2 + n + 19. Let r be z(6). List the prime factors of (-2)/9 + r/45*-5.
7
Let x be 664/1*(-10)/(-10). Suppose -5*u - 536 = -4*m - u, -5*m = u - x. What are the prime factors of m?
7, 19
Let g(c) = 2068*c - 5228. List the prime factors of g(8).
2, 3, 23, 41
Suppose w = t - 7 + 1, -4*t - 2*w + 12 = 0. Suppose 5*o - 9*o - 2*s = -568, -o + 142 = -t*s. What are the prime factors of o?
2, 71
Let h be 147/35 + -4 + 6554/5. Suppose -9*l = -h - 921. Suppose 3*w = 4*n + l, -246 = -3*w - n + 4*n. List the prime factors of w.
2, 5
What are the prime factors of (0 + -14408)*(-2*1)/(-17 - -19)?
2, 1801
Let s be ((-4)/8)/((-1)/(-86)). Let c = -36 - s. What are the prime factors of -3 + (3 - 1) + c?
2, 3
Suppose 4*v = -5*z + 258701, 2*z + 4*v - 63393 = 40085. List the prime factors of z.
3, 5749
Let m be ((16 - 8)/(-4))/((-4)/98). Let g(o) = -o + m*o + 0*o. List the prime factors of g(4).
2, 3
Let i = 31097 - 22175. List the prime factors of i.
2, 3, 1487
Suppose 0 = -5*r - 5*z + 215, z + 172 = 4*r + 6*z. Suppose r*d - 26374 = 24538. List the prime factors of d.
2, 37
Suppose n + 4*m = -n - 34, 0 = 2*n + 5*m + 29. Let w = n - -32. Suppose w*l + 5 = o - 9, -o = -3*l - 16. List the prime factors of o.
19
Let q = 78 + 202. Suppose -2*d + d + q = -o, 2*d - 3*o - 560 = 0. List the prime factors of d.
2, 5, 7
Suppose 55*n - 460966 = 98989. What are the prime factors of n?
10181
Let h(i) = 5*i + 45. Let g be 1*5/10*2*17. What are the prime factors of h(g)?
2, 5, 13
Let w(x) = -x**3 - 14*x**2 + 20*x - 38. Let u = 411 - 428. What are the prime factors of w(u)?
3, 163
Suppose -13*n + 11*n = 1048. Let b = n + 1047. List the prime factors of b.
523
Let g = 124 - 77. Let b = g + -27. List the prime factors of 25*(92/b - -1).
2, 5, 7
Let p = -8924 - -17566. What are the prime factors of p?
2, 29, 149
Let h = -31 + 41. Suppose -2*l + 3*g + 15 = 0, -2*g + h = 2*l - 0*l. Suppose -543 = -l*r - 195. What are the prime factors of r?
2, 29
Suppose 0 = -3*f + 2*r + 39717, 2*f - r - 40054 + 13578 = 0. What are the prime factors of f?
5, 2647
Let h(q) = -26*q + 158. Let t be h(-9). Suppose -10*x + 908 = -t. List the prime factors of x.
2, 5, 13
Suppose 3*c + 14477 = l, l + 1729 = -c + 16218. List the prime factors of l.
2, 7243
Let i be (-13)/(65/(-10)) - -30. Suppose 17*w + 9465 = i*w. What are the prime factors of w?
631
Suppose 0 = 1052*f - 1056*f + 604. What are the prime factors of f?
151
What are the prime factors of 0 - ((5468/6)/(-2))/(324/17496)?
2, 3, 1367
Let i = 76 - 69. Suppose -829 = i*g - 2523. What are the prime factors of g?
2, 11
Let m = 277 + -275. Suppose -7*z - 4*l = -5*z - 850, -2*l - 856 = -m*z. What are the prime factors of z?
7, 61
Suppose 0 = u + a + 1 - 4, -4*u + 3 = -5*a. Suppose -4*f + 2103 = 3*i, -u*f - 2098 = -6*f + 2*i. What are the prime factors of f?
3, 5, 7
Let n(p) = 2*p**2 + 10*p + 21. Suppose 44 + 4 = -3*o. What are the prime factors of n(o)?
373
Suppose 136 = 30*r - 31*r. Let o = r - -37. Let j = 159 + o. List the prime factors of j.
2, 3, 5
Let j(t) = 42*t**2 - 3*t - 1. Let r be 2 + 1 - (45 + -39). List the prime factors of j(r).
2, 193
Suppose 17*f = 21 + 13. Suppose f*d - 200 = d. What are the prime factors of d?
2, 5
Let x(t) be the second derivative of -35*t**3/6 + 223*t**2/2 + 221*t. What are the prime factors of x(-37)?
2, 3, 11, 23
Suppose i + 111*a - 108*a - 21016 = 0, 2*i - 4*a = 42022. What are the prime factors of i?
21013
Let j(q) = -54*q**3 + q**2 - 95*q - 37. What are the prime factors of j(-7)?
73, 263
Let k be (-3)/((-3)/(-4)) - 53. Let g = -54 - k. Suppose 123 = 2*p + g*q, 2*p = -3*p + 3*q + 255. List the prime factors of p.
2, 3
Suppose -3*s = 2*s - 25. Suppose 711 = s*o - 139. What are the prime factors of o?
2, 5, 17
Let d = -1983 - -5559. List the prime factors of d.
2, 3, 149
Let d = -35 + 67. Suppose 4*v - 144 = -2*x, -3*x = -2*v - 272 + d. List the prime factors of -3*(-8)/12 + x.
2, 5
Suppose -150161 = -18*x + 71401. What are the prime factors of x?
3, 11, 373
Let a = 44 - 14. Let h = 236 + -110. Suppose -h = -3*y - a. List the prime factors of y.
2
List the prime factors of 3/(-1*(-46229)/254078 - 400/2200).
2, 11549
Suppose 5*m = 34 - 14, 2*m + 47152 = 4*g. What are the prime factors of g?
2, 3, 5, 131
Let r(y) = -2*y - 7. Let j be r(-7). Let h(b) = b + 4. Let i be h(j). Suppose 0 = -4*u + i + 129. List the prime factors of u.
5, 7
Let w = -8 - -23. Suppose -w*u + 60 = -5*u. What are the prime factors of 37/((-10)/30*u/(-4))?
2, 37
Let n = 59 + -69. What are the prime factors of n/125*-10*(-2315)/(-2)?
2, 463
Let r(t) = 22*t**2 + 14*t - 272. List the prime factors of r(17).
2, 3, 17, 31
Let b(t) be the third derivative of 23*t**4/12 + 5*t**3/6 - 2*t**2. Suppose -3*x = 2*h - 7, 29 - 25 = h + 2*x. List the prime factors of b(h).
97
Let g = 13334 - 9426. What are the prime factors of g?
2, 977
Let u = -21 + 21. Suppose -f = -g - 4, 2*f + u*g + 3*g - 18 = 0. Suppose -f*h + 240 = -60. List the prime factors of h.
2, 5
Let v = -131 - -134. List the prime factors of (4/(-6))/((-1522)/507 + v).
2, 13
Suppose -7*v + 3*v = 20. What are the prime factors of (5/v)/(-1)*371?
7, 53
Suppose -148818 - 176722 = -31*q - 108323. What are the prime factors of q?
7, 11, 13
Let u = -41 + 41. Suppose u = -m - 0*m + 3. List the prime factors of 4*(0 - (-452)/16 - m).
101
Suppose r - 3*k - 1229 = 0, 2*r - 5*k - 2453 = -4*k. List the prime factors of r.
2, 613
Let u = -40415 + 75248. List the prime factors of u.
3, 17, 683
Let w(l) = -l**3 + 6*l**2 + 9*l - 14. Let u be -35*(0 + -2)/2 + -2. Let j = 39 - u. List the prime factors of w(j).
2, 5
Let j = -45 - -33. Let g be 54/j*(-8)/3. Let h = 23 - g. List the prime factors of h.
11
Let o(r) = 3*r + 93. Let q be o(0). Suppose -16*t + q = 13. Suppose -n + 153 - 30 = b, 5*n - t*b = 595. List the prime factors of n.
11
Suppose 10*l - 147 = 3*l. Suppose -10*p = -l*p + 3718. Suppose -19*h = -17*h - p. What are the prime factors of h?
13
Let b(v) = 16 - 41*v + 1 + 3*v - 68*v. Let c be b(-7). Suppose -c - 381 = -10*t. List the prime factors of t.
2, 3, 19
Let s(m) = -m**3 + 2*m**2 + 5*m + 7. Let x be s(3). Suppose -3*j + 98 = -x. List the prime factors of j.
37
Let t(d) = 56*d + 44. Suppose 2*h = 2*f + 14, -f - 21 = -3*h - 2*f. List the prime factors of t(h).
2, 109
Let z(r) = 0*r - 4*r**2 - 14 + 9*r + 6*r**2 + r. What are the prime factors of z(-10)?
2, 43
Let b be (-2 - (-3)/3)*-2. Suppose 4*q = -4, k = -4*k - 2*q + 1073. Suppose d = 4*r - k, -d - 130 = -b*r - 5*d. What are the prime factors of r?
5, 11
Suppose 3*y + 2*z = 11, -4 - 16 = -2*y + 5*z. Suppose 2*u - 3*g = -y*g + 20, 5*g = -10. Suppose 0 = -14*i + u*i + 166. List the prime factors of i.
83
Let u be (-6)/9 + (-38)/(-3). Let j = u + -46. What are the prime factors of 0 + -2 - 0 - (j + -1)?
3, 11
Suppose -1266069 + 293907 = -34*x. What are the prime factors of x?
3, 353
Let t(n) = n - 46. Let a be t(36). What are the prime factors of (-6579)/(-15) + (-4)/a + 2?
3, 7
Let z(p) be the second derivative of -14*p + 7/2*p**3 + 55/2*p**2 + 0. What are the prime factors of z(6)?
181
Suppose 26 = 5*n + 1. Suppose 4*p - 143 = w + 1219, 2*w + 1364 = 4*p. Suppose n*d - p = 3*d. List the prime factors of d.
2, 5, 17
Let k(